List the prime factors of t.
13
Suppose -177 = -5*z + 4*t - 0, -6 = -3*t. Suppose 2*m - z = -4*r - 115, 135 = -4*m - r. Let f = -10 - m. What are the prime factors of f?
23
Suppose k - 223 = -3*q - 4*k, 4*k = 3*q - 232. Let a = q + -38. List the prime factors of a.
2, 19
Let r = 4 + -7. Let v = 2 - r. Suppose v*f = l - 21, 11 = l - 2*f - 4. What are the prime factors of l?
11
Let b(i) = -i**3 - 9*i**2 - 6*i + 3. Let g be b(-8). Let m = 24 + g. What are the prime factors of m?
11
Suppose -5*m + 2*p = 636, -m - p - 130 = -0*p. Let c = 189 + m. What are the prime factors of c/9 + 6/27?
7
Let o(i) = -i**2 + 7*i - 6. Let v be o(7). Let x be (-22)/v - (-1)/3. Let g = x + -2. List the prime factors of g.
2
Suppose 2 + 6 = b + a, 0 = 2*b + a - 21. List the prime factors of b.
13
Let w(i) = i - 14. Let r(g) = -g + 15. Let n(q) = 4*r(q) + 5*w(q). Let t be n(8). What are the prime factors of 1/t - (-11)/2?
5
Let w = -125 - -243. What are the prime factors of w?
2, 59
Suppose 2*o + 3*w = -44, 4*o + 89 - 9 = -4*w. What are the prime factors of (348/o)/(6/(-16))?
2, 29
Let o = -5 - -7. What are the prime factors of 0 + o - (-5)/1?
7
Suppose 0*a - a - p = 0, 0 = -3*a - 4*p. Suppose -4*y + 11 + 25 = a. List the prime factors of y.
3
Let a(u) = 3*u - 23. Let n(h) = h - 8. Let s(t) = -3*a(t) + 8*n(t). What are the prime factors of s(-6)?
11
Suppose 4*l - 7 = 3*l. What are the prime factors of l?
7
Let j(d) = -19*d - 1. Let n be j(3). What are the prime factors of n/(-5) - 4/(-10)?
2, 3
Let d be -3 - ((-27)/3 - 2). Suppose -2*j = -24 - d. What are the prime factors of j?
2
Let c(l) = -l**3 - 14*l**2 - 17*l - 8. What are the prime factors of c(-13)?
2, 11
Suppose 3*b + 0*b = 0. What are the prime factors of 8/1 - (-1 - b)?
3
Suppose 2*u - 110 = 2*c, 3*c + 279 = 5*u - 0*c. List the prime factors of u.
3, 19
Let k = 40 + -28. Suppose -5*h + 16 = -0*h + 4*v, 3*v = h + k. Let p(g) = g**2 + 2. What are the prime factors of p(h)?
2
Let t(j) = 2*j**3 - 2*j**2 - j - 3. Let g(b) = b**3 - b. Let h(s) = -g(s) + t(s). Let o be 2 + -1*(-2 + 1). List the prime factors of h(o).
2, 3
What are the prime factors of (-604)/(-12) - 2/(-3)?
3, 17
Suppose -3 = -y + 2, 3*y + 15 = -5*v. Let n(w) = -w**3 - 5*w**2 + 7*w + 7. Let p be n(v). What are the prime factors of 7 - (2 - p - -1)?
5
Let s be -3*(345/9 + -1). Let t = 157 + s. What are the prime factors of t?
3, 5
Let c(m) = -2*m - 11. Let b be c(10). Let r = b - -53. List the prime factors of r.
2, 11
Let v(w) = -5*w**2 + w + 2. Let p be v(-2). Let c = -3 - p. What are the prime factors of c?
17
Let g(p) = 2*p**3 - p**2 + 2*p - 1. What are the prime factors of g(4)?
7, 17
Suppose -2*p + 6*p = 28. Let d(v) = 4 + v**3 + 1 - 5*v - 2*v + 2 - 6*v**2. List the prime factors of d(p).
7
Let q(y) = 5 + 8 + y - 8. List the prime factors of q(6).
11
Suppose -3*l = 1 - 100. Let j be (-2)/11 - (-3042)/l. Suppose 0*y - g + 16 = y, 4*y - j = 3*g. What are the prime factors of y?
2, 5
Suppose -8*y + 6*y = -4. Suppose -5*t + 36 = -y*t. List the prime factors of t.
2, 3
Suppose -204 = 5*l + 146. Let q = -45 - l. What are the prime factors of q?
5
Let q = 24 - -7. Suppose -15 = -t - 5*n, -5*t + 0*n - 3*n + q = 0. Let v = t - 3. What are the prime factors of v?
2
List the prime factors of 28 + 7 - 1*-1.
2, 3
Suppose 2*o - 27 = -x, 90 = 5*o + x + 18. Let h(d) = d**3 + 5*d**2 + 3*d - 3. Let u be h(-3). Let p = o + u. What are the prime factors of p?
3, 7
Let q(x) = 2*x**2 - 2*x + 15. List the prime factors of q(-6).
3, 11
Let u = 7 - 4. Let o(c) = 13*c**3 + 5*c**2 + 7*c + 4. Let k(z) = 7*z**3 + 3*z**2 + 4*z + 2. Let l(h) = 11*k(h) - 6*o(h). List the prime factors of l(u).
2
Let z(u) = -u**3 - 25*u**2 - 25*u - 1. List the prime factors of z(-24).
23
Suppose 0 = u + 5*u - 432. What are the prime factors of u?
2, 3
Let h = 21 - 10. Let z = 13 - h. What are the prime factors of z?
2
Let w = 7 + -2. Suppose 4*k + 2*s - 7 = -k, -k - w = 2*s. What are the prime factors of k?
3
Let w = -40 + 70. List the prime factors of w.
2, 3, 5
Let t = 4 - -5. List the prime factors of (t/(-3) - -49) + 4.
2, 5
Let j = 14 + 0. Suppose -5 = 2*s - 3*m - 0, 3*s = -4*m - 33. Let d = s + j. What are the prime factors of d?
7
Suppose 11 = 2*i - 23. List the prime factors of 1*(-2)/(-2)*i.
17
Let x be 1/((-2)/(-53))*2. Suppose -5*r - s = -x, -2*r + s - 6*s + 35 = 0. List the prime factors of r.
2, 5
Let o = 63 - -51. List the prime factors of o/7 - (-12)/(-42).
2
Suppose -y + 211 = 5*n, 0 = 4*n - 5 + 1. Let z(x) = x**3 + 5*x**2 - 3*x + 3. Let w be z(-5). List the prime factors of y/10 + w/45.
3, 7
Let a = 7 - 4. List the prime factors of a/((-1)/14*-2).
3, 7
Let v(g) = -g**2 + 23*g - 42. What are the prime factors of v(9)?
2, 3, 7
Suppose 2*t - 54 = -0. List the prime factors of t.
3
Let t = -106 - -183. List the prime factors of t.
7, 11
Let j = 445 + -221. What are the prime factors of j?
2, 7
Let z be (-12)/6 + 1/1. Let c be (z + -4)*3/(-5). Suppose 5*y = c*y + 18. What are the prime factors of y?
3
Let l(j) = -21*j - 6. Let a be l(-4). Suppose -m = -4*m + 6, -2*g + a = m. List the prime factors of g.
2, 19
Suppose 5*h - 19 = -2*t, -8*t + 8 = -4*t. Let n(z) = 2*z - 4. List the prime factors of n(h).
2
Let w = -2 + 1. Suppose 3*s - 5*u = 8, -2*s + 6 = -u - 4. Let m = s - w. List the prime factors of m.
7
Suppose 3*n - 250 = -25. List the prime factors of n.
3, 5
Let h(b) = b**3 - 5*b**2 - 5*b - 1. Let n be h(6). Suppose n*j - 4*j = 18. What are the prime factors of j?
2, 3
Suppose 2 = 4*z - 2*v + 14, -z + 5*v = 21. List the prime factors of -1 - (-1)/z*-6.
5
Suppose 0*l + 4*z = 3*l - 850, -5*l - 5*z = -1440. What are the prime factors of l?
2, 11, 13
Let q = -75 - -107. What are the prime factors of q?
2
Suppose -5*s + 3 = -7. Suppose -4*d + 99 = 5*l, -3*d - 34 = -s*l + d. Suppose 6 = -r + l. What are the prime factors of r?
13
Suppose -5*k + 191 = -44. What are the prime factors of k?
47
Suppose -2*c = 4*b - 6*c - 40, -4*b + 3*c + 35 = 0. Suppose -f - 5 = -5*t, -4*t + 9*t + 35 = b*f. List the prime factors of f.
2, 5
Suppose 3*f - 3 - 6 = 0. Suppose 2*l - f*x = 13, -2*l + 26 = 3*l - x. Suppose j - 4*c + l = 0, 6*c - 7*c = -j + 7. What are the prime factors of j?
11
Suppose 0 = -5*h + 6 + 9. What are the prime factors of h*3*(-32)/(-9)?
2
Suppose 0 = 4*s - 10 - 154. List the prime factors of s.
41
Let w(a) = a**2 - 2*a - 3. What are the prime factors of w(-6)?
3, 5
Let d = -54 + 87. List the prime factors of d.
3, 11
Let s be (-1)/(-2) - (-21)/2. Let u(o) = o**3 - 11*o**2 - o + 13. What are the prime factors of u(s)?
2
Let h(w) = -2*w + 11. Let n be h(13). Let o = -6 - n. What are the prime factors of o?
3
Let k = -15 + 9. Let n be 2/(1 - 9/11). Let o = n + k. List the prime factors of o.
5
Let r be -3 - (-8 + 0 + 2). Suppose 4*w - 24 + 0 = -2*n, 5*n + r = -w. What are the prime factors of w?
7
Suppose 5*n + g - 31 = 107, -4*n + 108 = 2*g. What are the prime factors of n?
2, 7
Let r = -10 + 12. Suppose 23 = -2*s - 3. List the prime factors of (s/(-5) - r)*5.
3
What are the prime factors of (-434)/3*180/(-70)?
2, 3, 31
Suppose 0 = -4*v + 5 + 3. Suppose 0 = -i - 0*i + v. Suppose -4*w + 36 = -m - 3*m, -i*w - 5*m + 39 = 0. List the prime factors of w.
2, 3
Let k(y) = 6*y**2 - y**2 - 1 - 2*y - y**2. Suppose 2*u - 3*o = 4, 3 = u + 2*u - 3*o. What are the prime factors of k(u)?
5
Let h be 2/(-2) + 3 + 7. List the prime factors of (6/h)/((-6)/(-63)).
7
Let z be 5/(-15) + (-10)/(-3). Let k(l) = 5*l. What are the prime factors of k(z)?
3, 5
Suppose 3*w - 24 = -4*y, w - 15 = -2*w - y. Suppose -w*j + 19 = -9. Suppose -j - 1 = -2*t. List the prime factors of t.
2
Suppose 4 = d + 3*d, -2*x + 2*d + 38 = 0. Let g = 31 - x. What are the prime factors of g?
11
What are the prime factors of (-27)/(-4) + (-6)/8?
2, 3
Let y(v) = v**2 - 6*v + 6. Let r(c) = 4*c**2 - c + 1. Let d be r(1). Let g be y(d). What are the prime factors of 46/3 + g/6?
3, 5
Let u(a) = 2*a - 14. Suppose 5*h + 29 = -v - 35, -68 = 5*h - 3*v. Let d(i) = -i - 2. Let b be d(h). List the prime factors of u(b).
2
Suppose -3*z = -j + 13, 2*j + 5*z = -0*z + 37. Let n = j - 6. Suppose -2*v + 16 = r, 3*v + 0*v - n = 2*r. List the prime factors of v.
2, 3
Suppose 8 = 2*f - 8. Suppose -94 - f = 3*g. Let s = g - -48. What are the prime fac